 8, what is -20244 - 127171?
-147435
In base 10, what is -35605 + -40?
-35645
In base 6, what is 2054432240 - -15?
2054432255
In base 11, what is 844001 - 20?
843a91
In base 7, what is -24 - 26151563?
-26151620
In base 7, what is -6632666 - -3?
-6632663
In base 7, what is 454 - 246003?
-245216
In base 16, what is e + -1423f1?
-1423e3
In base 5, what is 121 + -3113014402?
-3113014231
In base 3, what is -11012202012 + -20122210?
-11110101222
In base 8, what is -376 - -61410?
61012
In base 7, what is -4 - 12614566?
-12614603
In base 10, what is 97343495 + 0?
97343495
In base 10, what is 968 - 21461?
-20493
In base 6, what is -43 + -34511352?
-34511435
In base 16, what is 1 - -155fbc4?
155fbc5
In base 9, what is 13556 - 5174?
7372
In base 11, what is -7a2090 + -176?
-7a2256
In base 12, what is -8a02 + 105?
-88b9
In base 2, what is -101011010000 - 11110111010?
-1001010001010
In base 5, what is -321 - -143221?
142400
In base 16, what is 95 - 4e173?
-4e0de
In base 11, what is 2a0 + -57822?
-57532
In base 2, what is 11110111 - 1011010000110000110?
-1011010000010001111
In base 11, what is 32a9a + -2045?
30a55
In base 8, what is -206217763 - -4?
-206217757
In base 16, what is 9d - -ee3f?
eedc
In base 11, what is 66a6 - -1038aa?
10a4a5
In base 14, what is 1c9 + 37913b?
379326
In base 9, what is 4 + -104065836?
-104065832
In base 16, what is de - -61cc?
62aa
In base 9, what is -4 + -247210315?
-247210320
In base 9, what is -2 + 2677083?
2677081
In base 9, what is 22261030 + -11?
22261018
In base 13, what is -24 - -8a37?
8a13
In base 7, what is 401 + -106106?
-105405
In base 16, what is 2e + 8ee9e?
8eecc
In base 9, what is 42124 - -3581?
45715
In base 7, what is -32631 + -133052?
-166013
In base 11, what is 0 - -50223579?
50223579
In base 8, what is -53337435 + 2?
-53337433
In base 12, what is 25a4 + 2977?
535b
In base 3, what is 202221102221002101 - 10?
202221102221002021
In base 13, what is -6b599 - 16?
-6b5b2
In base 13, what is 3881039a - 1?
38810399
In base 2, what is -11000101010 - 11000001000111?
-11011001110001
In base 3, what is -111122222220 - 2001?
-111200001221
In base 11, what is 24 - -a1152?
a1176
In base 11, what is -10 - 7a25a7?
-7a2607
In base 6, what is 4054 + 143135?
151233
In base 7, what is -62535 - 4116?
-66654
In base 13, what is 2351b + c65?
24483
In base 5, what is 124321030130 - 4?
124321030121
In base 16, what is 3f9b2b0 + a?
3f9b2ba
In base 6, what is -11 - -412053450?
412053435
In base 7, what is -625003 + -1006?
-626012
In base 7, what is 25343 + -120?
25223
In base 2, what is 1010101001011100001101000100 + -1?
1010101001011100001101000011
In base 2, what is 100011001011000111011010111 - -1?
100011001011000111011011000
In base 13, what is 2020 + -4b74?
-2b54
In base 10, what is 26 - 11491086?
-11491060
In base 14, what is 19a2bc + -24b?
19a071
In base 7, what is 14000 + 415263?
432263
In base 12, what is 22 + 27514?
27536
In base 4, what is 0 + -21031312210121?
-21031312210121
In base 12, what is 19 + -187430?
-187413
In base 2, what is -101100011101011110011 - 110?
-101100011101011111001
In base 16, what is 894ce - 8?
894c6
In base 11, what is -232 - 640a?
-6641
In base 10, what is -2075747 + 9?
-2075738
In base 7, what is 42 + 6562424?
6562466
In base 2, what is -101000 - -111111111010011100101?
111111111010010111101
In base 15, what is -238e685 + -3?
-238e688
In base 2, what is 100011101100010110 + -10001001011?
100011011011001011
In base 2, what is -111000100010011 - -10001100000010?
-100111000010001
In base 16, what is -163c - -1a20?
3e4
In base 12, what is -2a9a0 - 45?
-2aa25
In base 16, what is 1b + -2bab4?
-2ba99
In base 11, what is 1005 - -1813?
2818
In base 16, what is 5 - -228a27?
228a2c
In base 6, what is -4312330 + 244?
-4312042
In base 3, what is -1 + -110010121201002001?
-110010121201002002
In base 5, what is 22 + 120431443?
120432020
In base 3, what is 10200 + 1102101020?
1102111220
In base 4, what is 32003 - -2232221312?
2232313321
In base 3, what is 12 + -11102011212120?
-11102011212101
In base 13, what is 152 - -35941?
35a93
In base 3, what is -11 - -11110110112001111?
11110110112001100
In base 10, what is -14003462 + 15?
-14003447
In base 15, what is 52842 + 24?
52866
In base 10, what is 6587 - -611?
7198
In base 12, what is -5 - -379ba487?
379ba482
In base 7, what is -1552625643 + -1?
-1552625644
In base 6, what is -330345 - -2212?
-324133
In base 9, what is 154 - -7267?
7432
In base 16, what is 2a64f + -ba2?
29aad
In base 11, what is -2 - -a67695?
a67693
In base 9, what is 6882 + 12545?
20537
In base 7, what is 3 + 160511203?
160511206
In base 9, what is -282147 - -234?
-281813
In base 14, what is 533 - a870?
-a33b
In base 6, what is -3155555341 + 5?
-3155555332
In base 16, what is 7bc4 + c1?
7c85
In base 5, what is -420331400 - -34?
-420331311
In base 14, what is -5ad + -44cb?
-4a9a
In base 11, what is -1245225 - a?
-1245234
In base 14, what is c3 + -274c?
-2669
In base 11, what is 59 - -4785759?
4785807
In base 2, what is -101100001110 - 100010110?
-110000100100
In base 13, what is 2 + 12098bb7?
12098bb9
In base 13, what is -505 - 46ca?
-4c02
In base 2, what is -10011100000110000100001 + 100110?
-10011100000101111111011
In base 6, what is 5 + -21545444?
-21545435
In base 4, what is 1010020 + -1001203?
2211
In base 14, what is -17 + -28957d?
-289596
In base 14, what is 1d5937 + -60?
1d58b7
In base 5, what is 111210224400 - 0?
111210224400
In base 8, what is -22 - -371347?
371325
In base 6, what is 5450 - -31033?
40523
In base 13, what is -131c3b3a - -2?
-131c3b38
In base 11, what is a9 + -306424?
-306326
In base 5, what is 230300444111 + -1?
230300444110
In base 13, what is -5 + 159593c6?
159593c1
In base 9, what is -2703180 - -13?
-2703166
In base 2, what is -100100011000111101101010000 - 11?
-100100011000111101101010011
In base 11, what is 3a8 + 5606?
5a03
In base 15, what is -660 - 267a?
-2cda
In base 8, what is 3 + -10453134?
-10453131
In base 14, what is 196 - -5a204?
5a39a
In base 5, what is 20222 - -13411143?
13431420
In base 10, what is -2105 + 1473?
-632
In base 3, what is -110020110 - 1220222021?
-2101012201
In base 13, what is -19624 + -1242?
-1a866
In base 3, what is 220001010212101 - 2?
220001010212022
In base 2, what is -101 + -101011011110010001001101?
-101011011110010001010010
In base 6, what is 4144210 - -32?
4144242
In base 3, what is -12 - -120010001112112?
120010001112100
In base 11, what is 45720980 + 3?
45720983
In base 13, what is 40 + -216c62a?
-216c5ba
In base 4, what is -211220330031 - 12?
-211220330103
In base 12, what is -21 - -22448152?
22448131
In base 3, what is -10 + 102110202202020112?
102110202202020102
In base 3, what is -200010021221 + -10021210?
-200020120201
In base 13, what is 2620a - -8c1?
26acb
In base 3, what is -2112220112 - 22021011?
-2212011200
In base 10, what is 7 - 300318?
-300311
In base 6, what is 5405403010 - -3?
5405403013
In base 2, what is -101000001111000011 - 10010110?
-101000010001011001
In base 6, what is -442332102 - 4?
-442332110
In base 10, what is 6727517 + -6?
6727511
In base 5, what is 1310220214400 - 10?
1310220214340
In base 16, what is 3bbd1c - 5?
3bbd17
In base 9, what is 133845 + 137?
134083
In base 5, what is -224104132 + 233?
-224103344
In base 13, what is 3 + 273ac?
273b2
In base 6, what is 3333 - -202100?
205433
In base 4, what is -10 - -22011022022?
22011022012
In base 16, what is 10ce116 + 5?
10ce11b
In base 14, what is -9017 + 21d5?
-6c22
In base 3, what is 1001 - 221001220110?
-221001212102
In base 5, what is 1202001000 - -41?
1202001041
In base 3, what is -221010002001221 + -21?
-221010002002012
In base 6, what is 453534223 + 20?
453534243
In base 15, what is ebbda54 - 5?
ebbda4e
In base 3, what is -10021210212 - 121210120?
-10220121102
In base 7, what is -3 + 30252120?
30252114
In base 6, what is 4041 + 125?
4210
In base 8, what is -75 + 324640?
324543
In base 12, what is -81357 + 486?
-80a91
In base 14, what is c9 - 55d6?
-550b
In base 6, what is 54444555 + -5320?
54435235
In base 15, what is 90ad - -202c?
b0da
In base 2, what is 10000010011 + -110001101101?
-100001011010
In base 13, what is 8555c59a + 4?
8555c5a1
In base 15, what is -4d + -133925?
-133973
In base 7, what is 5 - 623541164?
-623541156
In base 6, what is 1